).
-195
Let v(p) = -7*p**2 + 372*p - 3567. What is v(10)?
-547
Let v(z) = -3*z**2 + 2387*z - 54801. Calculate v(772).
11
Let m(x) = x**3 + 21*x**2 - 171*x - 2718. Calculate m(-19).
1253
Let i(o) = 3*o**2 + 558*o - 603240. Give i(-551).
105
Let f(p) = -13988*p + 279840. What is f(20)?
80
Let l(h) = -h**2 + 1426*h - 48658. Determine l(35).
27
Let s(b) = -b**3 + 31*b**2 - 92*b + 5237. What is s(33)?
23
Let z(a) = 9390*a - 375568. Calculate z(40).
32
Let g(i) = -i**3 - 523*i**2 + 10866*i + 3260. Determine g(-543).
2
Let q(g) = 6*g**3 - 2808*g**2 + 7*g - 3327. Give q(468).
-51
Let j(i) = -3*i**2 + 356*i - 2467. Determine j(112).
-227
Let d(o) = -31368*o - 34. Calculate d(0).
-34
Let a(d) = 3*d**3 + 163*d**2 - 1066*d - 52655. Determine a(-55).
-75
Let w(z) = -17*z**2 + 1122*z + 1134. Determine w(67).
-5
Let t(w) = 11837*w - 11710. Calculate t(1).
127
Let o(h) = -736*h + 23666. Determine o(32).
114
Let t(w) = -4*w**3 + 100*w**2 - 596*w - 13. What is t(15)?
47
Let f(b) = 53*b**2 + 217*b - 88. Give f(-8).
1568
Let m(w) = -w**3 + 7*w**2 + 201807*w - 1412639. Calculate m(7).
10
Let l(u) = -3*u**2 - 370*u - 9335. Calculate l(-88).
-7
Let s(n) = -332*n + 2029. What is s(11)?
-1623
Let j(k) = -k**3 + 70*k**2 + 2142*k - 7. Give j(-23).
-76
Let k(g) = 2*g**3 - 1731*g**2 - 870*g + 3515. Determine k(866).
51
Let r(n) = 885*n**2 - 141595*n - 793. Give r(160).
7
Let m(p) = -367*p - 17380. Determine m(-50).
970
Let i(q) = -q**3 - 595*q**2 - 5865*q - 152. Calculate i(-10).
-2
Let s(k) = 23252*k - 232640. Calculate s(10).
-120
Let t(z) = z**3 + 102*z**2 + 822*z - 816. What is t(-93)?
579
Let a(w) = -w**3 + 69*w**2 - 82*w + 419. Determine a(68).
-533
Let o(m) = 467*m**3 - 2*m**2 + 64*m - 64. Calculate o(1).
465
Let a(c) = 8*c**2 + 3596*c + 213732. What is a(-379)?
-24
Let o(x) = -73338*x - 3446858. Determine o(-47).
28
Let j(z) = 333*z - 172129. Calculate j(519).
698
Let a(d) = 3*d**3 - 3*d**2 - 2219*d + 4440. What is a(2)?
14
Let d(t) = -t**3 - 33*t**2 - 181*t - 211. What is d(-21)?
-1702
Let a(n) = n**3 - 21*n**2 + 91*n + 200. Calculate a(13).
31
Let j(q) = 3*q**3 - 34*q**2 - 614*q + 40. Determine j(21).
-65
Let n(c) = 1300*c - 29856. Determine n(23).
44
Let n(x) = 10*x**2 + 109*x + 335. Determine n(-3).
98
Let k(t) = -t**2 - 594*t + 756318. Calculate k(622).
-34
Let v(g) = -1176*g - 48511. Determine v(-41).
-295
Let i(s) = -8*s**2 + 772*s - 5021. Determine i(7).
-9
Let p(n) = -n**2 + 10*n + 3214. Give p(55).
739
Let d(f) = -8*f**3 + 2164*f**2 - 1072*f - 2323. What is d(270)?
-163
Let q(l) = -10*l**3 - 1718*l**2 + 352*l + 1376. Determine q(-172).
0
Let o(z) = z**3 - 30*z**2 + 77*z + 249. Calculate o(26).
-453
Let h(t) = 65*t**2 - 181*t - 570. Calculate h(-3).
558
Let b(k) = 45*k - 6908. Give b(153).
-23
Let k(i) = i**2 + 12501*i + 225034. What is k(-18)?
340
Let o(w) = 4*w**2 + 1132*w + 65447. Give o(-81).
-1
Let f(h) = 1765*h**2 - 282448*h + 7681. What is f(160)?
1
Let j(l) = -6340*l - 729087. Calculate j(-115).
13
Let u(s) = 9*s**2 - 5671*s + 77709. Calculate u(14).
79
Let c(p) = 45*p**2 - 356*p - 2919. What is c(13)?
58
Let i(s) = 40436*s + 2143088. What is i(-53)?
-20
Let b(m) = 69*m**2 - 339*m + 1635. Determine b(5).
1665
Let d(j) = 661*j + 16474. What is d(-25)?
-51
Let o(h) = 3353*h + 238056. What is o(-71)?
-7
Let f(d) = -2*d**3 + 35*d**2 - 25111*d + 452320. Calculate f(18).
-2
Let d(r) = r**3 - 72*r**2 - 4321*r - 922. Give d(111).
-34
Let c(t) = 2*t**3 - 83*t**2 - 458*t + 9. What is c(-5)?
-26
Let l(u) = -u**3 - 451*u**2 + 44937*u - 1610. Give l(-535).
-5
Let s(g) = 3*g**2 + 894*g - 190941. Determine s(144).
3
Let q(f) = -2*f**3 - 280*f**2 + 1162*f + 165. Determine q(-144).
-1275
Let q(x) = 108*x**2 + 537*x + 60. Determine q(-5).
75
Let t(f) = -2*f**3 + f**2 + 34*f + 2. What is t(5)?
-53
Let d(h) = 42*h**3 - 445*h**2 + 1782*h + 12. What is d(4)?
2708
Let p(y) = -8290*y - 2661120. Give p(-321).
-30
Let h(x) = 1759*x - 46098. Give h(26).
-364
Let x(i) = 81*i**2 - 153*i + 985. Give x(6).
2983
Let q(u) = 8*u**2 - 10953*u - 188518. What is q(-17)?
-5
Let t(z) = -43*z - 14647. Give t(-341).
16
Let n(j) = j**3 + 28*j**2 - 64*j - 4228. Determine n(-17).
39
Let s(x) = 35*x**2 + 6583*x - 69325. Calculate s(10).
5
Let s(z) = 70*z + 1742. Calculate s(-4).
1462
Let a(s) = -3318*s + 783100. What is a(236)?
52
Let u(y) = -3*y**3 - 70*y**2 + 186*y + 4424. Give u(-22).
-1604
Let j(q) = 2*q**3 + 10*q**2 + 1548*q - 23468. Calculate j(12).
4
Let z(g) = -28*g**3 - 13*g**2 - 7*g + 18. Calculate z(-3).
678
Let g(x) = 3417*x - 188164. What is g(55)?
-229
Let h(u) = 21*u**2 + 630*u + 4697. What is h(-14)?
-7
Let o(s) = -311*s**3 + 4039*s**2 + 67*s - 182. Give o(13).
13
Let o(z) = 46*z**2 + 2282*z - 11415. Calculate o(5).
1145
Let q(z) = 348*z + 18793. Calculate q(-55).
-347
Let r(f) = f**3 - 11039*f + 66030. Calculate r(6).
12
Let h(f) = 11*f**2 - 293*f + 871. Determine h(23).
-49
Let b(o) = 2*o**2 + 106*o - 118. Determine b(-68).
1922
Let b(d) = 7*d**2 - 418*d - 4272. Calculate b(-9).
57
Let m(w) = 1033*w - 18550. What is m(18)?
44
Let b(l) = l**3 - 23*l**2 + 540*l + 4059. Calculate b(-6).
-225
Let k(z) = -2*z**3 - 6*z**2 - 1243*z - 5010. Give k(-4).
-6
Let l(r) = -1707*r + 3058. Give l(2).
-356
Let y(r) = r**2 - 891*r + 24791. Determine y(28).
627
Let b(h) = -30*h**2 + 181*h - 1014. Calculate b(6).
-1008
Let w(g) = -46*g**2 + 4*g - 1. Calculate w(3).
-403
Let o(p) = -2*p**3 - 17*p**2 - 309*p - 4. What is o(0)?
-4
Let a(c) = 90093*c + 180174. Give a(-2).
-12
Let m(j) = -9*j**2 + 4417*j + 135667. What is m(-29)?
5
Let l(w) = 25*w**2 - 18605*w + 3717. What is l(744)?
-3
Let w(g) = -8489*g**2 - 441431*g - 109. Give w(-52).
47
Let c(f) = -3483*f**2 - 97552*f - 776. Determine c(-28).
8
Let z(r) = 222*r**2 - 1550*r - 113. Determine z(6).
-1421
Let q(x) = x**3 - 19*x**2 - 1528*x + 20123. What is q(13)?
-755
Let c(d) = -477*d - 10566. Give c(-22).
-72
Let s(j) = j**2 - 1983*j - 40050. Calculate s(-20).
10
Let p(c) = 2*c**3 + 48*c**2 - 99*c - 301. Give p(-26).
-431
Let d(f) = 28*f**2 - 1513*f + 19977. Give d(23).
-10
Let p(a) = -a**2 + 2423426*a - 16963912. Calculate p(7).
21
Let k(b) = 487*b - 3833. Give k(11).
1524
Let v(w) = -4*w**2 + 1272*w - 22. Calculate v(318).
-22
Let g(o) = 51*o**2 + 111*o + 739. Calculate g(-6).
1909
Let n(h) = 11*h**2 - 34*h + 79. Determine n(7).
380
Let f(p) = -p**2 + 716*p - 114738. Determine f(474).
-30
Let t(v) = v**3 + 342*v**2 + 458*v - 75432. Calculate t(-340).
48
Let a(w) = w**2 - 115764*w + 115765. Determine a(1).
2
Let f(o) = 44*o**3 + 138*o**2 + 47*o + 58. What is f(-3)?
-29
Let a(n) = -n**3 + 3*n**2 - 2798*n + 19752. What is a(7)?
-30
Let j(s) = s**3 - 115*s**2 - 354*s - 201. Calculate j(118).
-201
Let h(p) = p**3 - 187*p**2 + 157*p + 3644. Determine h(186).
-1750
Let g(t) = 8*t**2 + 51*t - 1141. Give g(-20).
1039
Let b(v) = 71*v**3 + 1438*v**2 + 2871*v - 2. Determine b(-2).
-560
Let y(o) = 59711*o - 477723. Give y(8).
-35
Let x(l) = -4*l**3 - 26*l**2 + 27*l + 133. Calculate x(-5).
-152
Let h(r) = 61*r**2 - 3228*r - 21890. Calculate h(59).
-1
Let i(z) = 13*z**2 - 7*z + 28. Calculate i(5).
318
Let r(k) = 15921*k - 112257. Calculate r(7).
-810
Let f(y) = -2*y**2 + 26*y + 1154. Give f(32).
-62
Let x(h) = 27*h**3 + 214*h**2 - 23*h - 242. What is x(-8)?
-186
Let a(d) = 3*d**3 - 52*d**2 + 133*d + 23. Calculate a(3).
35
Let l(o) = -27*o**2 - 3065*o - 10447. Calculate l(-110).
3
Let z(v) = -3853*v - 49207. Determine z(-13).
882
Let x(a) = -32*a**2 - 8421*a - 49374. Determine x(-6).
0
Let t(s) = -3227*s - 351666. Calculate t(-109).
77
Let x(m) = -m**3 + 24*m**2 + 4908*m - 908. Give x(83).
5
Let b(s) = s**3 - 1527*s**2 + 6054*s + 140. Give b(4).
-12
Let k(y) = 52*y + 11161. What is k(-165)?
2581
Let j(z) = 66*z**2 - 2023*z + 13631. Give j(10).
1
Let c(t) = 2*t**3 + 64*t**2 + 361*t + 3707. Give c(-28).
-129
Let o(b) = b**3 - 92*b**2 + 2092*b + 42. What is o(50)?
-358
Let r(w) = 46624*w + 2657476. What is r(-57)?
-92
Let n(x) = x**3 - 31*x**2 - 43*x - 316. Calculate n(33).
443
Let p(u) = 4919*u - 83487. Calculate p(17).
136
Let d(m) = 311*m**2 + 9139*m - 48. Calculate d(-29).
-3528
Let m(z) = -4*z**2 + 906*z - 21893. Determine m(199).
-3
Let m(k) = 83*k**2 + 955*k + 2471. Calculate m(-4).
-21
Let p(d) = d**3 - 115*d**2 + 838*d + 129. Determine p(8).
-15
Le